 when -17 + 15 + 820 - 35/(-7) is divided by k?
53
Let x(c) = -51 + 21*c - 6 + 7*c**2 - c**2 - 7*c**2. Calculate the remainder when x(11) is divided by 9.
8
Suppose 3*a - z - 2 = 6, 2*a + 2 = -3*z. Suppose 2*x + 2*x - 2*t = 114, a*t = 3*x - 84. What is the remainder when 57 is divided by x?
27
Let f be (-281)/(-2)*-6 + 3. Calculate the remainder when (6/(-5))/((-3342)/f - 4) is divided by 24.
8
Let a(v) = -14*v - 4. Let t be a(12). Let u = -103 - t. Suppose 4*s = -5*n + 110, 4*n - 3*s - 39 = n. Calculate the remainder when u is divided by n.
15
What is the remainder when (-22456)/(-6)*(14 - 1196/91) is divided by 9?
4
Let k(l) = -17*l**2 + 187*l + 6. Calculate the remainder when 985 is divided by k(11).
1
Let g be 33/3 + 1/(-1). Let u(t) = 3*t**2 - 15*t + 66. Calculate the remainder when (57/(-6))/((-1)/g) is divided by u(3).
47
Suppose -14*k = 11*k - 16*k - 166230. What is the remainder when k is divided by 49?
46
Suppose 6*f - 2*f = -4, -3*f = -4*s + 5947. Suppose -s - 128 = -3*z. What is the remainder when z is divided by 20?
18
Let u = 162 - 160. Suppose -u*y = 9*y - 165. What is the remainder when 38 is divided by y?
8
Suppose 8*k - 2444 = -10*k - 8*k. What is the remainder when 178 is divided by k?
84
Let u(r) = -r**3 + 14*r**2 - 26*r - 28. What is the remainder when 172 is divided by u(11)?
25
Suppose 2 = 7*v - 19. Suppose v*g = 11*g - 136. What is the remainder when (-202)/4*(-8 + 6) is divided by g?
16
Let t = 20 - 12. Suppose 2*g = -5*y + 23 + 19, -43 = -6*y + 5*g. What is the remainder when t is divided by y?
0
Suppose 4*y - 214 = 2*y. Suppose -5*l - 6*w + y = -7*w, -l + 29 = -4*w. Let i(o) = 10*o + 1. Calculate the remainder when i(6) is divided by l.
19
Suppose -1708 + 34 = -9*o. Suppose -o*c = -177*c - 1179. Calculate the remainder when c is divided by 35.
26
Suppose -5 = 5*l, 5*l - 4*l = -q + 24. Suppose -q*n = -15*n - 340. What is the remainder when 41 is divided by n?
7
Calculate the remainder when 418 is divided by (-516)/(-21) - ((-2)/(84/270) + 7).
10
Let p = 44625 - 44289. What is the remainder when p is divided by 77?
28
Let o = -140027 - -140069. Let g(h) = -h + 5. Calculate the remainder when o is divided by g(-5).
2
Let d = 207 - 201. What is the remainder when 115 is divided by (d + -4)*(-1 + 41/2)?
37
Let v = -151 + 154. Suppose -3*y = 2*d, -13 = -4*d - 2*y + v. Calculate the remainder when d is divided by 1.
0
Let f = -8 + 3. Let h = f + 12. What is the remainder when -48*(28/(-6))/h is divided by 18?
14
Let c = 2812 + -2165. Calculate the remainder when c is divided by 21.
17
Let a = -37 - -42. Suppose 10*s = a*s + 30. Suppose -y + 1 = -m, 3*y + m = 3*m + s. Calculate the remainder when 14 is divided by y.
2
Suppose 0 = -4*t + 4, -8 = -3*s - 0*s - 5*t. Suppose -49 - s = -5*f. Suppose 10*n = 16*n - 294. What is the remainder when n is divided by f?
9
Suppose 7*z + 4*k + 244 = 4*z, 2*k = -4*z - 322. Calculate the remainder when 1157 is divided by (-184)/(-3) + (z/15)/16.
59
Suppose 8*l - 4*l + 260 = 4*b, -3*b = -5*l - 191. Let p = b + -64. Suppose d = 4, 4*s = -0*d - p*d + 24. What is the remainder when 16 is divided by s?
1
What is the remainder when ((-10)/6 - -2) + 22/((-660)/(-2210)) is divided by 26?
22
Let x(s) = 7 + 4 + 2*s - 16 + 0*s + 3*s**2. Calculate the remainder when 134 is divided by x(4).
32
Suppose 0*d - 23*d = -1035. Suppose 54*k - 207 = d*k. Calculate the remainder when 158 is divided by k.
20
Suppose -85*x - 11*x + 4214 = 2*x. What is the remainder when x is divided by (-2)/3 + 94/6?
13
Suppose -19*m + 1191 = -6. Let i(o) = o. Calculate the remainder when i(3) is divided by 9/(-2)*(-14)/m.
0
Let m(g) = 137*g - 3. Let j(h) = 12*h**2 - 394*h + 781. Calculate the remainder when m(3) is divided by j(2).
39
Suppose -3*r - 21 = -2*y + 53, -4*y + 148 = -4*r. Suppose y = w - 6. What is the remainder when w is divided by 11?
10
Let v(w) = -108*w + 1551. Let g(b) = -b**3 - 3*b**2 - 5*b - 1. Calculate the remainder when g(-7) is divided by v(14).
35
Suppose -315 - 42 = -17*k. Suppose -k*s = -299 - 2032. Calculate the remainder when s is divided by 32.
15
Let s = 166 + -116. Let j = s - 45. Calculate the remainder when 62 is divided by j.
2
Let r = -180 - -72. Let w = r - -2. Let x = -103 - w. Calculate the remainder when x is divided by 3.
0
What is the remainder when 4/78 - 144584/(-2067) is divided by 35?
0
Let m(w) = 189*w + 844. What is the remainder when m(-4) is divided by 9?
7
Suppose -4*f + 569 = 3*m, 0 = 5*m + 3*f - 703 - 227. Calculate the remainder when m is divided by 41.
19
Calculate the remainder when (((-1092)/30)/(-7))/((-12)/(-5745))*2 is divided by 51.
32
Let q(b) = -16*b - 3. Let z be q(-1). Suppose -z*j + 442 = 52. Let p = j + -10. Calculate the remainder when p is divided by 7.
6
Let f(u) = u**3 - 21*u**2 + 13*u - 5. What is the remainder when f(21) is divided by 95?
78
Suppose -480 = -a + 251. What is the remainder when a is divided by 123?
116
Suppose 2*m + l - 25 = m, -5*l = 5. Let h be (-1 - -234) + (-16)/4. Let f = h - 152. Calculate the remainder when f is divided by m.
25
Let r(d) = -47*d + 4043. Calculate the remainder when r(-102) is divided by 136.
133
Calculate the remainder when -24 + 2 - -14 - (-624 + (-2 - -1)) is divided by 600.
17
Let t(o) be the second derivative of 5*o**3/2 + 4*o**2 - 26*o. Let g be t(11). Suppose g = 5*r - 622. Calculate the remainder when r is divided by 27.
24
Suppose 19*y - 80 - 243 = 0. Suppose 0 = 2*n - 4*j + 4 - 16, 2*n - 3*j - y = 0. Suppose -244 = -3*p - p. What is the remainder when p is divided by n?
13
Suppose -5*d + 5 = 0, 8 = 2*u - 2*d - 2. Suppose u*z = 77 + 73. What is the remainder when 147 is divided by z?
22
What is the remainder when ((-784)/(-224))/((-2)/(-876)) is divided by 19?
13
Let i = -4 + 6. Let c be ((-20)/(-12) - i - -2)*3. Suppose c*d + 60 = 555. What is the remainder when d is divided by 20?
19
Let n(y) = -45*y - 2342. What is the remainder when 599 is divided by n(-54)?
71
Let s be (-358)/6 + (-6)/(-9). Let k = s - -62. What is the remainder when 64 is divided by 0 - k/(-3)*33?
31
Suppose -4*g = -23*g + 405 + 184. What is the remainder when 573 is divided by g?
15
Calculate the remainder when 4729 is divided by (-5)/(-2) - 161/(-14).
11
Suppose 4*z + 3*x = x + 32, 4*x - 28 = -2*z. Let g be 2 - z - 15/(-3). Calculate the remainder when g/(-2) - (-572)/8 is divided by 37.
34
Suppose 0 = 2*k - 4*f + 12, 6 = -k + f + 4. Suppose -k = u + 2, 102 = g + 3*u. Calculate the remainder when g is divided by 12.
6
Suppose 15*q - 224 = 316. Let d(p) = -4*p + 182. What is the remainder when d(q) is divided by 5?
3
Suppose 31 = -5*l + 81. Suppose 5*r = 59 + 1. Calculate the remainder when r is divided by 12/6*l/4.
2
Let o(a) = a**3 - 28*a**2 + 52*a + 3. Let v be o(26). Suppose 2*m + v*m = 5*d - 115, 0 = 5*d - 3*m - 107. Calculate the remainder when d is divided by 11.
8
Calculate the remainder when 18883/161 - 55/(-77) is divided by 2 - (2 - (19 + -2)).
16
Suppose 120*b + 34 = 122*b. Let q(v) = -15*v - 2 + 2 + 4. Calculate the remainder when q(-3) is divided by b.
15
What is the remainder when 9807 is divided by -6 - (-5 + -2 - 15)?
15
What is the remainder when 699 is divided by (-40)/24 - 11/((-231)/224)?
6
What is the remainder when 4 + (-95)/(-2)*(15120/(-50))/(-21) is divided by 52?
12
Let t be (-6)/8 - 39/(-4). Suppose -t*o = -0*o - 27. Suppose 14*v - o*v = 209. Calculate the remainder when 55 is divided by v.
17
Suppose j - 3*j - 2 = 2*v, -2 = -4*j + 2*v. Suppose j = -2*y - 5*y - 42. Calculate the remainder when 23 is divided by y/(-3) - (2 - 9).
5
What is the remainder when 1611 is divided by (-5)/(-14) + 45/(-90) + 45088/56?
1
Let f = 53 - 76. Let s = -20 - f. Suppose s*z - 20 = -5*d, -2*z + 9 + 6 = 5*d. What is the remainder when 13 is divided by z?
3
Let m(j) = -18*j - 228 - 12*j - 3*j**3 + 190 + 20*j**2 + 4*j**3. What is the remainder when m(-21) is divided by 142?
9
Let o = 152 - 83. What is the remainder when o is divided by 19 + -13 - 18*6/(-6)?
21
Let f = -44 + 55. Suppose -2*y - f = 11. Let b(o) = -o + 11. What is the remainder when 39 is divided by b(y)?
17
Let k(u) be the first derivative of -u**2/2 + 49*u + 3. What is the remainder when k(7) is divided by 17?
8
Suppose 7*u - 232 = 3*u - 21*h, 5*u + 4*h = 379. Let 